58?
2448
In base 8, what is -26577 + -2?
-26601
In base 14, what is 103b44 - 3?
103b41
In base 14, what is -b + 19c0?
19b3
In base 3, what is -10120222 - -1022?
-10112200
In base 10, what is 5 + 167239?
167244
In base 5, what is 2024 + -12002?
-4423
In base 14, what is 236 + 4877?
4aad
In base 4, what is -21032 + 3002?
-12030
In base 11, what is 3850a - -16?
38525
In base 2, what is -101000001000 - -1?
-101000000111
In base 14, what is -2b9 - 7d5?
-ab0
In base 12, what is 101 - -120?
221
In base 14, what is -1 + -466b3?
-466b4
In base 13, what is -34 + -c410?
-c444
In base 15, what is 3e98 - 3?
3e95
In base 3, what is 1211111 - 111?
1211000
In base 12, what is -362 - 2931?
-3093
In base 15, what is -35 - -2a?
-a
In base 16, what is -8 + 7555?
754d
In base 11, what is 0 - -21630?
21630
In base 12, what is -148a - -32?
-1458
In base 12, what is 644 + -14?
630
In base 14, what is -9d6 + -16a?
-b62
In base 10, what is -1650 + 353?
-1297
In base 2, what is -100 - -11110000110101001?
11110000110100101
In base 10, what is 8 + -176354?
-176346
In base 14, what is 0 + 18d5?
18d5
In base 15, what is -8 + -277?
-280
In base 5, what is -24040 - 10110?
-34200
In base 11, what is -1971 - 13?
-1984
In base 10, what is -14 + -10397?
-10411
In base 7, what is 355 - 661?
-303
In base 6, what is 2453 - -450?
3343
In base 9, what is 0 - -7546?
7546
In base 14, what is 0 + 28270?
28270
In base 13, what is -3 + -aa092?
-aa095
In base 9, what is -33 - -51648?
51615
In base 5, what is -1414 - -11311?
4342
In base 5, what is -232 - 220301?
-221033
In base 15, what is c78 - -14?
c8c
In base 14, what is 52d7 - 2?
52d5
In base 2, what is -110010 - -10110101011110?
10110100101100
In base 8, what is -1651 - 1?
-1652
In base 14, what is -3ab3 + 8?
-3aa9
In base 14, what is -473 - -11?
-462
In base 2, what is -100000001 + -10011100001?
-10111100010
In base 15, what is -8706 - 4?
-870a
In base 15, what is -2ab + c2?
-1d9
In base 7, what is 4 - -1340255?
1340262
In base 15, what is -e6e0 - -3c?
-e6a3
In base 7, what is -6 - 555046?
-555055
In base 5, what is 11000 - 3102?
2343
In base 11, what is -1501 - 116?
-1617
In base 7, what is -2403 - -2401?
-2
In base 10, what is 0 + 11338?
11338
In base 7, what is 3 + 5252665?
5253001
In base 12, what is 52 + 1a0?
232
In base 7, what is -2 + 1032441?
1032436
In base 15, what is -1e2 + 635?
443
In base 6, what is -305413 + -1?
-305414
In base 6, what is -5 + 31351?
31342
In base 3, what is 222120 + 110201210?
111201100
In base 8, what is -23 + 15070?
15045
In base 11, what is 3 + -3a44a3?
-3a44a0
In base 12, what is 0 + -87a9?
-87a9
In base 5, what is 102301 + -103?
102143
In base 10, what is 86121 - -2?
86123
In base 12, what is 0 + -11b8?
-11b8
In base 14, what is 4ba64d - 5?
4ba648
In base 9, what is 343720 - 0?
343720
In base 7, what is 1 + 3612?
3613
In base 7, what is -1030 + 16163?
15133
In base 7, what is -2504 + 1551?
-623
In base 9, what is 2 - 21715?
-21713
In base 2, what is 11 + 1100001001?
1100001100
In base 12, what is -326 - -28?
-2ba
In base 14, what is 100c5 - 44?
10081
In base 14, what is -1ac44 - -b?
-1ac37
In base 7, what is -4 - -3343256?
3343252
In base 7, what is 1061 + 32441?
33532
In base 11, what is -7 + -958?
-964
In base 12, what is 5481 - -5?
5486
In base 5, what is -23321133 - 14?
-23321202
In base 15, what is -1c + -b0?
-cc
In base 10, what is -1 - -86739?
86738
In base 6, what is 24 + 2103253?
2103321
In base 4, what is 202232220 - 23?
202232131
In base 11, what is -5 + -42700?
-42705
In base 3, what is -11021 - 100021122?
-100102220
In base 6, what is 1244 - 15532?
-14244
In base 6, what is -22445 - -40?
-22405
In base 13, what is -34b5 - -5?
-34b0
In base 15, what is 4 + 2bce?
2bd3
In base 8, what is 1 - 673133?
-673132
In base 15, what is 3dad9 - d?
3dacb
In base 9, what is -21 + -7124?
-7145
In base 12, what is -3 + -7a1?
-7a4
In base 6, what is 12034 - 22?
12012
In base 7, what is 25154 - 1640?
23214
In base 12, what is -1436 + 141?
-12b5
In base 2, what is 10010001010010 - 110?
10010001001100
In base 13, what is 136 + -71b?
-5b5
In base 15, what is -6 + -36bc?
-36c3
In base 8, what is 7705 - 0?
7705
In base 16, what is -1 - 7bc?
-7bd
In base 10, what is 2211134 + -3?
2211131
In base 6, what is 111 - 3310?
-3155
In base 16, what is 1b1 - 4b6?
-305
In base 5, what is 243302131 + -2?
243302124
In base 6, what is 154440 - 430?
154010
In base 6, what is -252451 + -2?
-252453
In base 8, what is -31024 - 24?
-31050
In base 12, what is -65475 + -2?
-65477
In base 8, what is -4507 + 10?
-4477
In base 4, what is -1322 - -2010321?
2002333
In base 5, what is -120 - -20122202?
20122032
In base 14, what is 99 - 49c?
-403
In base 9, what is -5 + 3240?
3234
In base 5, what is -211304133 + 0?
-211304133
In base 13, what is 3 + 45c1b?
45c21
In base 16, what is -5e2c5 - -4?
-5e2c1
In base 14, what is -2 + -2b149?
-2b14b
In base 8, what is 5 + -34011?
-34004
In base 10, what is 1 - -7991?
7992
In base 9, what is -56 - -15822?
15755
In base 3, what is -100 - -2100021?
2022221
In base 6, what is 2 - -323500?
323502
In base 6, what is 4 + -220215?
-220211
In base 7, what is 1 + -622115?
-622114
In base 12, what is -32b583 + 2?
-32b581
In base 7, what is -24 - 250?
-304
In base 16, what is 1d6 + 2b1?
487
In base 15, what is 16 - -1a?
31
In base 4, what is 11 + -12021130?
-12021113
In base 3, what is -10 - -111021121?
111021111
In base 14, what is -38 + a21?
9c7
In base 2, what is 111 + 1110101010111010?
1110101011000001
In base 14, what is -7 - -23795?
2378c
In base 6, what is 4 + -11054041?
-11054033
In base 3, what is 10 + -1222002?
-1221222
In base 3, what is 2212010 + 111?
2212121
In base 16, what is 5 - 1f6bd?
-1f6b8
In base 10, what is 103742 + 2?
103744
In base 7, what is 252 + 3604?
4156
In base 2, what is 100100001111010100 - -1?
100100001111010101
In base 2, what is 10 - -101110100000011?
101110100000101
In base 9, what is 22 + 133215?
133237
In base 3, what is -11 + 120220202102?
120220202021
In base 8, what is 14773 + -1?
14772
In base 6, what is 112 - 21055?
-20543
In base 16, what is -2 - 7f544?
-7f546
In base 6, what is -1102 - -330?
-332
In base 9, what is 84370 - -1?
84371
In base 2, what is -1111001111111111101 - 10?
-1111001111111111111
In base 9, what is -4 - -41548?
41544
In base 12, what is 9701b - -3?
97022
In base 10, what is -127684 - 2?
-127686
In base 4, what is 100 + 1121201?
1121301
In base 6, what is 43442 - -210?
44052
In base 2, what is 101110110 + 100011001010?
101001000000
In base 13, what is -53c - 1c2?
-731
In base 4, what is -10 - -20210310?
20210300
In base 9, what is -68 - -3786?
3717
In base 9, what is 18488 + -8?
18480
In base 5, what is -10303 - -3200?
-2103
In base 13, what is -1 + -2b506?
-2b507
In base 9, what is 25 - 21878?
-21853
In base 9, what is 4265 - 123?
4142
In base 9, what is 16470 - 1?
16468
In base 4, what is -120230101 - -22?
-120230013
In base 16, what is 316 - -5e?
374
In base 6, what is 3301335 - -53?
3301432
In base 8, what is 126527 - 3?
126524
In base 9, what is -322111 + 1?
-322110
In base 14, what is -30447 + 0?
-30447
In base 16, what is f - 46f0?
-46e1
In base 16, what is -1a - -758e?
7574
In base 4, what is 113223313 + 32?
113230011
In base 2, what is 10 - -1110001010100010001?
1110001010100010011
In base 3, what is 21112220 - -212?
21120202
In base 14, what is -3c33 + -4?
-3c37
In base 11, what is -4 + 8478?
8474
In base 8, what is -30 - 4222?
-4252
In base 11, what is -79670 - 3?
-79673
In base 4, what is 101232 + -121301?
-20003
In base 6, what is 1023 - 10422?
-5355
In base 16, what is a6176 + 3?
a6179
In base 7, what is 22 + -4346?
-4324
In base 16, what is -3716 - 70?
-3786
In base 10, what is -1 + -9191?
-9192
In base 10, what is -3969 + -74?
-4043
In base 16, what is -2126b - 2?
-2126d
In base 12, what is 2 + 5a06?
5a08
In base 3, what is -102 + 22222011?
22221202
In base 5, what is 13413140 + -10?
13413130
In base 3, what is 120101 + -121110?
-1002
In base 10, what is 0 - 79572?
-79572
In base 15, what is 71c99 + 0?
71c99
In base 7, what is 0 + 106616?
106616
In base 10, what is -25349 - -17?
-25332
In base 16, what is 37 - -206?
23d
In base 4, what is 111 + -3022?
-2311
In base 8, what is -72534 - 2?
-72536
In base 12, what is aa - 166?
-